h, 0 = -0*c + 2*c + 4*h + 2. What is the hundreds digit of -4 - (-73)/c*9?
2
Let d(t) = -1. Let x(w) = -w - 4. Let h(a) = -7*d(a) + 2*x(a). Let s be h(-6). Let n = 69 - s. What is the units digit of n?
8
Suppose -3*d = -3*s + 1377, -5*d - 3*s = 2*s + 2265. Suppose -15*r - 5 = -13*r + 13. What is the hundreds digit of (-6)/(-9) - -2*d/r?
1
Let i(w) = w**3 + 6*w**2 + 5*w + 7. Let l be i(-5). Suppose l*s - 15 = 8*s. Let g = -6 - s. What is the units digit of g?
9
Suppose -2*z - 2*z + 26 = -h, 20 = 5*z. Let j(g) = g**2 - g - 5. Let a be j(0). What is the units digit of (h/(-1))/a - -8?
6
Let x(y) = y**3 - 5*y**2 + 2*y - 7. Let a be x(5). Suppose 577 = j - a*b + 161, j - 418 = 2*b. What is the hundreds digit of j?
4
Let c = 58 + -43. Let u be (325/(-15))/(-2 + c/9). Suppose -u*g = -60*g - 455. What is the tens digit of g?
9
Let k = -18894 + 60740. What is the units digit of k?
6
Let b(v) = 2*v. Let p(u) = 32*u - 22. Let c(g) = -44*b(g) + 2*p(g). Let x be c(-13). Let j = 386 - x. What is the tens digit of j?
1
Let s be (-3)/12 + (-713)/(-4). Suppose 228 = 4*b - 2*a, 3*b = -0*b + 5*a + s. Suppose 3*x = 239 - b. What is the tens digit of x?
6
Let y = -18 - 2. Let x = -12 + 13. Let m = x - y. What is the units digit of m?
1
Suppose 194*o = 149*o + 239670. What is the thousands digit of o?
5
Let d(w) = -19*w - 110. Let y be d(-6). Suppose -349 = -y*g + 2*u + 653, 5*g = 4*u + 1251. What is the units digit of g?
1
Let w(u) be the second derivative of -10*u - 27/2*u**2 + 0 + 13/6*u**3. What is the units digit of w(7)?
4
Let q(j) be the first derivative of j**2 + 38*j + 10. Let r be q(-5). Suppose r*m + 630 = 33*m. What is the hundreds digit of m?
1
Let k be 5 - ((-2)/(-14) - (-91)/49). What is the units digit of ((-6)/(-8))/k*(-6 - -30)?
6
Let g = 21 + -17. Suppose 207 = 2*o + y, g*y - 8 = -3*o + 295. Suppose f = -3*h + 50, -3*f + 2*h = -o - 89. What is the tens digit of f?
6
Let f(z) = 13*z**2 - 71*z + 112. What is the thousands digit of f(23)?
5
Suppose 9 = -3*x, 4086 = 2*k - 6*k - 2*x. Let j = 1472 + k. What is the hundreds digit of j?
4
Let u be 84/15 + -2 - 2/(-5). What is the hundreds digit of 1053/3 - (u + -2 + -4)?
3
Suppose 5*o = -f + 21773, -2*o + 8716 = 2*f - 5*f. Suppose -10*g - 425 = -o. What is the hundreds digit of g?
3
Let o = 218 + -53. Suppose 0*n - y = 4*n - 645, -y = -n + o. Suppose -12 + 3 = 3*i, 2*f - 4*i - n = 0. What is the tens digit of f?
7
Let w(h) = -5*h**3 + h**2 - h. Let n be w(1). Suppose 3100 = 44*m + 18*m. Let y = n + m. What is the units digit of y?
5
Let j = 184 + 190. Let y = -110 + j. What is the units digit of y?
4
Suppose 0*j + 9 = 3*j. What is the tens digit of 6*(-536)/(-18)*j?
3
Let x = -2519 - -3516. What is the hundreds digit of x?
9
Let g be (208/12)/((-2)/(-6)) - 1. Let d = g + -136. What is the units digit of d/(-30) - 3/(-18)?
3
Let w = -219 + 202. Let n(a) = -37*a - 1. What is the tens digit of n(w)?
2
Let t = 37 - 35. Let p be 2 - t - (3 - 5). What is the tens digit of (192/3)/p + 4?
3
Let y = -67 - -83. Suppose -11*c + 430 = -y*c. Let u = 219 + c. What is the units digit of u?
3
Let j(s) = -s**2 + 18*s - 14. Suppose -4*o + 251 = 183. Let y be j(o). Suppose -5 = -q, -y*q - 2*q = -5*b + 745. What is the units digit of b?
4
What is the hundreds digit of 594 - (0/16 - -6)?
5
Let n(b) = 30*b**3 - 30*b**2 + 178*b - 31. What is the units digit of n(8)?
3
Let c(m) = 5*m**2 + 52*m + 36933. What is the ten thousands digit of c(0)?
3
Let k(q) = 39410*q**3 + 3*q**2 + 18*q - 17. What is the thousands digit of k(1)?
9
Suppose -2*q - 12*s = -70470, -5*q - 2*s + 126178 = -50081. What is the thousands digit of q?
5
Let x = 40930 + -13066. What is the tens digit of x?
6
Let r(k) be the second derivative of -k**5/20 + 13*k**4/12 + 29*k**3/6 + 43*k**2/2 - 83*k. What is the hundreds digit of r(13)?
4
Suppose -l + o - 23 = 0, 7*l + 4*o + 124 = 3*l. Let h(q) = 19 - q**2 + 15*q + 10 + 5 - 25*q - 21*q. What is the hundreds digit of h(l)?
1
What is the ten thousands digit of 55156150/1575 - 4/(-18)?
3
Suppose 11 = -4*v + 19, -n + 1151 = -3*v. What is the tens digit of n?
5
Suppose b + 8 = -3*b. Let r = 60 + b. What is the units digit of (-4)/8*-6 + r?
1
Let s(c) = -2197*c + 2336. What is the hundreds digit of s(-9)?
1
Suppose -101*v + 1526714 = -823859. What is the tens digit of v?
7
Suppose -6*x + 82*x = 273372. What is the units digit of x?
7
Let w be (-766)/(-3)*(-6 + 3). Let a = 1181 + w. What is the tens digit of a?
1
Suppose 2*g = -12, 4*s - 17*g + 20*g - 105006 = 0. What is the units digit of s?
6
Let r = 12956 + 723. What is the ten thousands digit of r?
1
Let u be (-2)/10 + (1 - (-4206)/30). Suppose -u - 2 = -r. What is the tens digit of r?
4
Suppose f + 4 = 2*a, -28*a + 26*a = 3*f - 20. Suppose a*u - 778 = 3702. What is the tens digit of u?
2
Let s be 36/((-51)/(-30) + (-5)/25). Let q be ((-6)/s + 26/40)*5. Suppose -q*u = 2*u - 328. What is the units digit of u?
2
Suppose -8*y - 10 = -13*y, -4*y = -2*f + 30702. What is the tens digit of f?
5
Suppose 2*f + 2*f + 4*v - 12 = 0, 5*v = 3*f - 1. Let d be 6/f + -218*2/(-4). Suppose d = 22*c - 18*c. What is the units digit of c?
8
Suppose 23*b = -25330 + 1331303 - 77451. What is the hundreds digit of b?
4
Suppose 1798456 = 85*j + 28*j - 6*j. What is the ten thousands digit of j?
1
Let l(x) = x - 8*x - 5*x. Let u be 12/((15 + (-156)/10)/(4/10)). What is the units digit of l(u)?
6
What is the units digit of (8 + (-22 - 4))*7036/(-8)?
1
Let p(m) be the third derivative of m**6/120 + 3*m**5/10 + 29*m**4/24 + m**3/2 - 47*m**2. What is the tens digit of p(-14)?
8
Suppose 0 = 158*c - 96*c - 91*c + 101558. What is the thousands digit of c?
3
Suppose 0 = -2*z - 8, 0 = -2*i - 0*z - z + 2. Suppose -3*s - 13 = 2*p, -p + i*s = 2*p + 27. What is the units digit of -20*11*(-17)/((-340)/p)?
8
Let j be 7/(2 - (-7 - -8)). What is the tens digit of 1/((j/993)/7)?
9
Suppose 4*x = -k + 4*k + 4252, 4*k = 0. Let g = x + -553. What is the tens digit of g?
1
Let i = -102 + 66. Let b be (1 + 0)/((-9)/i). Let k(d) = 14*d - 22. What is the units digit of k(b)?
4
Let g(y) be the third derivative of y**7/2520 + y**6/240 - y**5/30 + 12*y**2. Let f(v) be the third derivative of g(v). What is the units digit of f(15)?
3
Suppose 0*h + 3*h = -3*h. Suppose b + 0*j + 4*j + 8 = h, 4*b - 5*j = 10. Suppose x + 5*f - 129 = b, -3*x + x - 4*f = -252. What is the tens digit of x?
2
Let t(p) = p. Let x(r) = -2*r - 108. Let q(m) = -6*t(m) - x(m). What is the units digit of q(-26)?
2
Let p(g) = 26*g + 171. Let l be (3/8 - (-129)/(-24)) + 13. What is the tens digit of p(l)?
7
Let p(h) = h**3 - 18*h**2 + h + 8. Let m be p(18). What is the units digit of 4/(-8) - m*(-164)/16?
6
Suppose -9244 = -2*p + 3*t, 4681 = p + 2*t + 73. Suppose -1908 + p = 2*q. What is the hundreds digit of q?
3
What is the ten thousands digit of (-2)/(-6)*240/(-16)*-3647?
1
What is the hundreds digit of 2 + 1 + (-82 - -4253)?
1
Let i = 94 + -90. Let f(l) = -4 + 2 + 4 - 114*l + i. What is the hundreds digit of f(-1)?
1
Suppose -4*w - 67 = -91. What is the tens digit of (w + -26)/((-123)/(-63) - 2)?
2
Let o be (-2)/11 + (-137357)/(-121). Suppose 0 = 5*u + 2*h - o, -5*h + 10*h = -2*u + 475. What is the hundreds digit of u?
2
Suppose -z = -0*z + z. Let a be 4 + (z + 2)*(-1)/2. Suppose a*x = j - 76, 5*j - 445 = 5*x - 3*x. What is the tens digit of j?
9
Suppose -a + 3*q + 424 = 0, 2*a + 14*q = 9*q + 881. Let n = a - -840. What is the hundreds digit of n?
2
Suppose -5*b = -5*y, 4*y + b - 40 = -20. Let u(f) = 263*f - 40. What is the units digit of u(y)?
2
Let y(g) = 858*g**2 - 43*g**2 - 185*g**2 - 20 - 18*g + 301*g**2. What is the units digit of y(-1)?
9
Let c(l) = 65*l + 8. Let n(i) = -i. Let r(t) = -c(t) - 2*n(t). Let g be r(-1). Let b = 73 - g. What is the tens digit of b?
1
Let m(i) = 2*i**3 - 3*i**2 + 9*i + 27. Let v be m(7). Let z = v - -388. What is the thousands digit of z?
1
Let h(j) = 5*j - 45. Let d be h(9). Suppose -3*i = 2*z - 304, 600 = 4*z - d*i + 2*i. What is the hundreds digit of z?
1
Let b(m) = -2*m**3 + 21*m**2 + 11*m - 3. Let j be (-2)/(-5) + (-4)/10 + 9. What is the tens digit of b(j)?
3
Suppose -3*u = -8 - 13. Suppose 2*x - u - 9 = -3*i, -x + 2 = 0. Suppose 4*v = 4*k + 24, -i*v + 5*k = -5*v - 12. What is the units digit of v?
3
Suppose 